 of 944654384?
2, 3203, 18433
What are the prime factors of 77437440?
2, 3, 5, 3361
List the prime factors of 851447928.
2, 3, 151, 234947
List the prime factors of 9423914.
2, 389, 12113
What are the prime factors of 305726295?
3, 5, 7, 2911679
What are the prime factors of 1770123013?
167, 10599539
List the prime factors of 2340356592.
2, 3, 7, 6965347
What are the prime factors of 1215889046?
2, 163, 3729721
List the prime factors of 711528785.
5, 11, 769, 16823
List the prime factors of 2682614598.
2, 3, 19, 43, 547249
List the prime factors of 513472577.
513472577
What are the prime factors of 474476213?
474476213
List the prime factors of 110814314.
2, 13, 327853
What are the prime factors of 450302390?
2, 5, 83, 542533
List the prime factors of 863981617.
977, 884321
What are the prime factors of 366585052?
2, 2371, 38653
List the prime factors of 11647268.
2, 743, 3919
What are the prime factors of 5777766092?
2, 7, 206348789
What are the prime factors of 4293308127?
3, 1431102709
What are the prime factors of 31166572?
2, 43, 181201
List the prime factors of 407631084.
2, 3, 7, 1237, 3923
What are the prime factors of 742163592?
2, 3, 29, 1066327
List the prime factors of 2064865183.
719, 2871857
List the prime factors of 385919790.
2, 3, 5, 71, 181183
List the prime factors of 34154980.
2, 5, 599, 2851
What are the prime factors of 1409928578?
2, 53, 13301213
What are the prime factors of 186039559?
186039559
List the prime factors of 1666498406.
2, 17, 61, 803519
List the prime factors of 692540275.
5, 7, 113, 5003
List the prime factors of 74602102.
2, 37301051
List the prime factors of 73554303.
3, 277, 88513
What are the prime factors of 1424017486?
2, 5783, 123121
List the prime factors of 3582776753.
6053, 591901
List the prime factors of 74265119.
31, 77279
List the prime factors of 319595018.
2, 47, 97, 35051
List the prime factors of 6762406924.
2, 7, 13, 101, 419, 439
What are the prime factors of 4128993306?
2, 3, 191, 14827
What are the prime factors of 5105613778?
2, 179, 14261491
What are the prime factors of 27261741?
3, 13, 31, 22549
List the prime factors of 2891300309.
2891300309
List the prime factors of 1180708391.
1180708391
List the prime factors of 38482869.
3, 1697, 7559
What are the prime factors of 87761135?
5, 7, 11, 227951
List the prime factors of 6556585333.
37, 229, 773821
What are the prime factors of 358008413?
7, 179, 285721
List the prime factors of 2050751663.
241, 1151, 7393
List the prime factors of 1454233727.
43, 67, 504767
What are the prime factors of 858260446?
2, 2731, 157133
List the prime factors of 353371577.
13, 27182429
What are the prime factors of 124964248?
2, 29, 53, 10163
What are the prime factors of 393109113?
3, 7817, 16763
List the prime factors of 25920113.
29, 893797
What are the prime factors of 989049568?
2, 13, 59, 683
List the prime factors of 1491945.
3, 5, 7, 13, 1093
What are the prime factors of 509970525?
3, 5, 443, 15349
List the prime factors of 364977924.
2, 3, 659, 46153
What are the prime factors of 8193202250?
2, 5, 431, 76039
What are the prime factors of 4671736139?
7, 199, 613, 5471
What are the prime factors of 890374001?
11, 80943091
List the prime factors of 11966144.
2, 59, 3169
List the prime factors of 317203656.
2, 3, 7, 11, 31, 113
What are the prime factors of 381266560?
2, 5, 191, 3119
List the prime factors of 131412907.
17, 109, 70919
List the prime factors of 45917965.
5, 19, 483347
What are the prime factors of 3246765041?
13, 249751157
List the prime factors of 51125589.
3, 5680621
List the prime factors of 27821574.
2, 3, 11, 227, 619
What are the prime factors of 36121974?
2, 3, 7, 17, 50591
List the prime factors of 225439046.
2, 7, 1789, 9001
What are the prime factors of 54133307?
1277, 42391
List the prime factors of 23065490.
2, 5, 7, 109, 3023
List the prime factors of 50588650.
2, 5, 7, 144539
What are the prime factors of 3103942147?
6011, 516377
What are the prime factors of 542698484?
2, 135674621
What are the prime factors of 243849409?
89, 2739881
List the prime factors of 610750664.
2, 797, 95789
What are the prime factors of 6808374?
2, 3, 14009
List the prime factors of 229526311.
7, 1009, 32497
What are the prime factors of 2514836625?
3, 5, 7, 67, 79, 181
List the prime factors of 96612186.
2, 3, 11, 1463821
List the prime factors of 2747141557.
197, 13944881
What are the prime factors of 7740078612?
2, 3, 7, 479, 27481
List the prime factors of 29856291.
3, 701, 14197
What are the prime factors of 3196694844?
2, 3, 7, 101, 125597
What are the prime factors of 2095897598?
2, 17, 73, 844439
What are the prime factors of 2475096140?
2, 5, 11, 47, 463
List the prime factors of 42046847.
42046847
List the prime factors of 5958254527.
11069, 538283
What are the prime factors of 7542297890?
2, 5, 827, 912007
List the prime factors of 21534413.
47, 458179
List the prime factors of 1250856142.
2, 401, 1069, 1459
List the prime factors of 319733601.
3, 11, 9688897
What are the prime factors of 1739166292?
2, 19, 22883767
What are the prime factors of 87161119?
31, 2811649
What are the prime factors of 3212534096?
2, 467, 429943
What are the prime factors of 130462021?
130462021
List the prime factors of 262560595.
5, 11, 4773829
List the prime factors of 769910374.
2, 103, 587, 6367
What are the prime factors of 153033716?
2, 11, 3478039
List the prime factors of 1074476519.
1667, 644557
List the prime factors of 53931243.
3, 3631, 4951
List the prime factors of 108064084.
2, 1367, 19763
What are the prime factors of 1086776605?
5, 5743, 37847
List the prime factors of 118496514.
2, 3, 1297, 15227
What are the prime factors of 3784332670?
2, 5, 29, 863, 15121
What are the prime factors of 663309357?
3, 41, 43, 83, 1511
What are the prime factors of 621768594?
2, 3, 73, 1419563
List the prime factors of 4867921502.
2, 37, 139, 473257
What are the prime factors of 4008954378?
2, 3, 11, 13, 4672441
What are the prime factors of 11695597?
11695597
List the prime factors of 1502117300.
2, 5, 15021173
List the prime factors of 16488354.
2, 3, 2748059
List the prime factors of 21969493.
7, 13, 379
What are the prime factors of 20240240?
2, 5, 253003
List the prime factors of 97240893.
3, 31, 61, 281
What are the prime factors of 249469101?
3, 7, 17, 43, 5417
List the prime factors of 145475298.
2, 3, 41, 65707
What are the prime factors of 4592176346?
2, 2296088173
What are the prime factors of 182800710?
2, 3, 5, 19, 53, 2017
List the prime factors of 179150616.
2, 3, 276467
List the prime factors of 51186323.
19, 2694017
What are the prime factors of 979541140?
2, 5, 48977057
List the prime factors of 38483255.
5, 23, 334637
List the prime factors of 1295902981.
1295902981
List the prime factors of 101000389.
7, 59, 244553
List the prime factors of 375875487.
3, 13, 3212611
List the prime factors of 16108904.
2, 7, 307, 937
List the prime factors of 736719079.
223, 3303673
What are the prime factors of 44528957?
11, 53, 76379
List the prime factors of 2571128756.
2, 7, 17, 43, 125617
What are the prime factors of 3106198871?
3106198871
List the prime factors of 851629169.
73, 691, 16883
List the prime factors of 1447432300.
2, 5, 14474323
List the prime factors of 1186963135.
5, 237392627
List the prime factors of 3707959.
1307, 2837
List the prime factors of 36053364.
2, 3, 101, 151, 197
List the prime factors of 111820774.
2, 13, 139, 30941
What are the prime factors of 722296513?
661, 1092733
List the prime factors of 1515475335.
3, 5, 11, 1217, 7547
List the prime factors of 30083121.
3, 29, 79, 1459
What are the prime factors of 2166136656?
2, 3, 31, 83, 17539
What are the prime factors of 51139403?
7, 193, 37853
What are the prime factors of 954648765?
3, 5, 7, 233, 13007
What are the prime factors of 2083724409?
3, 13, 53428831
List the prime factors of 937651700.
2, 5, 107, 87631
List the prime factors of 506960719.
506960719
List the prime factors of 849144889.
23, 36919343
List the prime factors of 28603719.
3, 131, 8087
What are the prime factors of 3084579337?
7, 109, 359, 11261
List the prime factors of 48021630.
2, 3, 5, 1600721
What are the prime factors of 12517890?
2, 3, 5, 7, 11, 5419
List the prime factors of 1189